101 (base 3) in base 11?
862
Convert -309a (base 16) to base 10.
-12442
Convert -1235 (base 10) to base 11.
-a23
1220 (base 3) to base 5
201
What is -10100100 (base 2) in base 6?
-432
232 (base 15) to base 13
2c3
3064 (base 8) to base 3
2011211
Convert 717 (base 15) to base 14.
821
Convert 23288 (base 9) to base 11.
10758
22130 (base 4) to base 14
35a
Convert 2102002 (base 4) to base 2.
10010010000010
54626 (base 7) to base 12
7b0b
What is e4 (base 15) in base 12?
15a
Convert -21a (base 12) to base 2.
-100110110
Convert -991 (base 10) to base 16.
-3df
1110010 (base 2) to base 6
310
Convert -110110100 (base 2) to base 16.
-1b4
What is 1b66 (base 13) in base 12?
2490
What is -54245 (base 6) in base 5?
-214240
-55013 (base 7) to base 10
-13730
Convert f224 (base 16) to base 15.
13578
-1111001100 (base 2) to base 14
-4d6
Convert 181ee (base 15) to base 13.
296c9
Convert -158 (base 9) to base 5.
-1014
What is 202302 (base 4) in base 3?
10001110
Convert -23131 (base 4) to base 14.
-3a5
Convert -298 (base 15) to base 3.
-210222
What is 1712 (base 11) in base 5?
32231
What is -101011001000 (base 2) in base 13?
-1344
-471 (base 10) to base 16
-1d7
Convert 15 (base 7) to base 11.
11
Convert -49507 (base 10) to base 11.
-34217
105e (base 16) to base 2
1000001011110
What is -13344 (base 5) in base 2?
-10001001011
-20122101 (base 3) to base 10
-4843
What is 1033014 (base 5) in base 14?
6736
Convert -181 (base 16) to base 6.
-1441
Convert 4590 (base 12) to base 16.
1e3c
-16473 (base 8) to base 9
-11234
Convert -799a (base 11) to base 5.
-314030
What is 845a (base 12) in base 14?
53b8
Convert -415 (base 13) to base 9.
-851
1000011000 (base 2) to base 4
20120
21b (base 14) to base 3
120110
What is -11202332 (base 4) in base 11?
-16083
Convert -38822 (base 9) to base 16.
-6647
-29202 (base 10) to base 15
-89bc
-42106 (base 7) to base 4
-2201221
158 (base 16) to base 11
293
What is -10411 (base 5) in base 10?
-731
6a38 (base 16) to base 10
27192
What is -112045 (base 7) in base 14?
-7395
Convert -e09 (base 15) to base 3.
-11100000
Convert 744 (base 13) to base 10.
1239
1402 (base 8) to base 3
1001112
Convert -20000 (base 3) to base 13.
-c6
What is -3395 (base 10) in base 4?
-311003
-1540 (base 8) to base 13
-516
What is -200322 (base 4) in base 11?
-1645
Convert -26208 (base 10) to base 14.
-97a0
15451 (base 7) to base 14
1828
Convert -220161 (base 7) to base 9.
-57736
Convert 11557 (base 10) to base 15.
3657
What is -434 (base 13) in base 14?
-395
Convert 880 (base 15) to base 6.
12520
2669 (base 11) to base 12
2007
What is -a7 (base 11) in base 4?
-1311
What is b206 (base 13) in base 7?
131314
Convert 212132 (base 5) to base 7.
26616
What is -1010101001101 (base 2) in base 10?
-5453
Convert 2232 (base 5) to base 14.
189
Convert 1673 (base 8) to base 2.
1110111011
-3340 (base 7) to base 13
-718
What is dc (base 15) in base 8?
317
Convert -6610 (base 7) to base 15.
-a74
What is -34e6 (base 15) in base 4?
-2233221
Convert -18304 (base 10) to base 7.
-104236
554503 (base 6) to base 16
b547
-9197 (base 11) to base 7
-50405
What is -120212 (base 3) in base 10?
-428
Convert d4fc (base 16) to base 15.
1124e
Convert 3234 (base 7) to base 15.
51c
What is -2706 (base 12) in base 10?
-4470
Convert 18941 (base 10) to base 15.
592b
What is -16431 (base 11) in base 7?
-124323
What is -2c7 (base 14) in base 4?
-20313
-22220 (base 3) to base 5
-1430
Convert -1508 (base 12) to base 16.
-998
Convert -a8 (base 13) to base 4.
-2022
-4341 (base 6) to base 4
-33211
What is 2121 (base 9) in base 4?
120112
Convert 4949 (base 12) to base 10.
8265
-1a33 (base 15) to base 6
-42133
-843 (base 10) to base 7
-2313
What is 100130311 (base 4) in base 7?
400306
Convert 212220101 (base 3) to base 7.
101542
-32132 (base 4) to base 12
-652
Convert 1010010100011 (base 2) to base 10.
5283
What is 2402 (base 9) in base 7?
5126
Convert 41711 (base 9) to base 10.
27550
22123 (base 4) to base 2
1010011011
What is 803 (base 11) in base 8?
1713
What is -555 (base 12) in base 15?
-375
9707 (base 10) to base 11
7325
What is -11110131 (base 4) in base 7?
-120345
What is -3118 (base 10) in base 7?
-12043
7b0 (base 12) to base 13
699
What is 11110000001001 (base 2) in base 14?
585b
Convert 1434 (base 6) to base 13.
235
19f (base 16) to base 9
511
-1123 (base 6) to base 9
-326
51561 (base 8) to base 2
101001101110001
-a2 (base 14) to base 5
-1032
Convert -505301 (base 7) to base 9.
-140742
-14450 (base 7) to base 6
-30312
Convert 152 (base 12) to base 10.
206
Convert -14678 (base 10) to base 14.
-54c6
What is 1164 (base 7) in base 3?
121020
101674 (base 8) to base 16
83bc
What is -100132 (base 4) in base 9?
-1401
4a2 (base 11) to base 5
4341
-24 (base 9) to base 6
-34
Convert 124 (base 6) to base 5.
202
Convert 2675 (base 11) to base 10.
3470
886 (base 12) to base 3
1201110
What is -364 (base 12) in base 15?
-23d
3a39 (base 11) to base 2
1010001111101
14652 (base 7) to base 11
30a1
-2cb (base 13) to base 10
-505
Convert a136 (base 11) to base 9.
20426
-1104431 (base 5) to base 16
-4ba6
1142430 (base 5) to base 3
1002122120
Convert 35505 (base 6) to base 7.
21011
What is 120 (base 3) in base 10?
15
-406 (base 11) to base 12
-34a
Convert 960 (base 11) to base 13.
6ab
Convert -1554 (base 7) to base 9.
-766
Convert c9 (base 13) to base 8.
245
-143 (base 11) to base 13
-cc
What is -50c0 (base 13) in base 9?
-16248
91e9 (base 16) to base 13
14004
What is 137 (base 12) in base 11?
160
Convert 1000 (base 8) to base 13.
305
10b (base 13) to base 11
154
What is -20111 (base 3) in base 16?
-af
311 (base 5) to base 10
81
Convert -3023141 (base 5) to base 4.
-23312202
35244 (base 10) to base 5
2111434
167e (base 15) to base 9
6572
-448 (base 11) to base 13
-323
What is 3242 (base 5) in base 14?
23d
-218 (base 9) to base 4
-2303
What is 76 (base 13) in base 5?
342
What is -1535 (base 7) in base 3?
-211202
What is -543 (base 13) in base 2?
-1110000100
2013023 (base 4) to base 16
21cb
What is 11375 (base 12) in base 14?
853b
Convert -5eea (base 16) to base 6.
-304254
-2435 (base 6) to base 13
-371
-15a13 (base 14) to base 10
-54113
Convert 10221110 (base 3) to base 2.
101100111010
-16234 (base 9) to base 10
-11128
Convert 1424 (base 11) to base 10.
1841
What is -18c (base 15) in base 14?
-1b7
What is -69b (base 12) in base 7?
-2603
What is -1a31 (base 11) in base 2?
-101000001111
-424 (base 8) to base 2
-100010100
Convert 2645 (base 10) to base 11.
1a95
-47 (base 10) to base 15
-32
What is -1004 (base 15) in base 9?
-4564
Convert 65a (base 16) to base 4.
121122
-13463 (base 8) to base 6
-43255
What is -20122011 (base 3) in base 15?
-1677
What is -3724 (base 9) in base 10?
-2776
Convert -c30 (base 16) to base 5.
-44440
What is 53 (base 14) in base 2?
1001001
What is 85a (base 14) in base 10?
1648
-120311 (base 4) to base 12
-b05
-715 (base 13) to base 4
-102301
Convert -100101100 (base 2) to base 16.
-12c
What is 2664 (base 9) in base 10?
2002
What is 120200 (base 3) in base 7?
1143
-b0d (base 14) to base 6
-14013
Convert 23330 (base 5) to base 10.
1715
What is -a627 (base 11) in base 14?
-51a9
Convert -239 (base 10) to base 11.
-1a8
What is -10222 (base 4) in base 9?
-361
Convert 808 (base 15) to base 10.
1808
What is 432 (base 10) in base 9?
530
Convert 56a1 (base 14) to base 3.
202121221
What is -24460 (base 8) in base 5?
-314134
What is 605 (base 9) in base 6?
2135
6202 (base 11) to base 12
491a
What is -14b5 (base 14) in base 8?
-7147
-1101 (base 7) to base 4
-12021
What is -2343 (base 6) in base 8?
-1067
What is 390 (base 11) in base 12?
326
What is 8648 (base 11) in base 4?
2302202
What is -2003 (base 6) in base 8?
-663
-4613 (base 8) to base 16
-98b
Convert 22083 (base 10) to base 12.
10943
Convert -16740 (base 10) to base 9.
-24860
Convert 1b12 (base 15) to base 6.
43055
-1617 (base 10) to base 12
-b29
Convert 1000001010000 (base 2) to base 3.
12201200
What is -24151 (base 9) in base 4?
-3330211
What is -30243 (base 6) in base 10?
-3987
What is -42302 (base 6) in base 16?
-165e
10020221221 (base 3) to base 12
31137
What is -b10 (base 16) in base 12?
-1780
What is 643 (base 11) in base 15?
368
-284 (base 12) to base 13
-23b
What is e87 (base 16) in base 11?
2881
What is -38603 (base 10) in base 7?
-220355
Convert